{"id":1563,"date":"2024-03-22T09:02:30","date_gmt":"2024-03-22T08:02:30","guid":{"rendered":"https:\/\/lapareechalons.fr\/emplacement\/plaatsen-voor-fietstochten\/"},"modified":"2026-01-14T11:32:35","modified_gmt":"2026-01-14T10:32:35","slug":"plaatsen-voor-fietstochten","status":"publish","type":"emplacement","link":"https:\/\/lapareechalons.fr\/nl\/emplacement\/plaatsen-voor-fietstochten\/","title":{"rendered":"Plaatsen voor fietstochten"},"content":{"rendered":"\n<p data-block-type=\"core\">Voor <strong>wandelaars <\/strong>(op de GR8) of <strong>fietstoeristen <\/strong>op doorreis op de V\u00e9lodyss\u00e9e of Eurov\u00e9lo1 is er een standplaats met picknicktafel, parasol, waslijn en stopcontacten voor apparatuur of ondersteunde fietsen. Deze gedeelde kampeerplaats is geschikt voor maximaal 6 personen.<\/p>\n\n<p data-block-type=\"core\">Het label <strong>&#8220;Accueil V\u00e9lo <\/strong>&#8221; betekent dat je kaart- en weersinformatie kunt geven. Je krijgt fietsreparatiegereedschap te leen als je je 2-wieler moet repareren. Bovendien is er een <strong>fietsenmaker<\/strong> in het centrum van de stad, op 1,5 km van de camping, voor het geval je met grote pech komt te staan&#8230;<\/p>\n\n<p data-block-type=\"core\"><\/p>\n","protected":false},"featured_media":1236,"template":"","meta":{"_acf_changed":false,"_seopress_robots_primary_cat":"","_seopress_titles_title":"Locatie Accueil V\u00e9lo en Vend\u00e9e | La Par\u00e9e Chalons","_seopress_titles_desc":"Op camping La Par\u00e9e Chalons kun je tegen aantrekkelijke tarieven staanplaatsen huren aan de kust in de Vend\u00e9e.","_seopress_robots_index":"","_vp_format_video_url":"","_vp_image_focal_point":[]},"class_list":["post-1563","emplacement","type-emplacement","status-publish","has-post-thumbnail","hentry"],"acf":[],"_links":{"self":[{"href":"https:\/\/lapareechalons.fr\/nl\/wp-json\/wp\/v2\/emplacement\/1563","targetHints":{"allow":["GET"]}}],"collection":[{"href":"https:\/\/lapareechalons.fr\/nl\/wp-json\/wp\/v2\/emplacement"}],"about":[{"href":"https:\/\/lapareechalons.fr\/nl\/wp-json\/wp\/v2\/types\/emplacement"}],"wp:featuredmedia":[{"embeddable":true,"href":"https:\/\/lapareechalons.fr\/nl\/wp-json\/wp\/v2\/media\/1236"}],"wp:attachment":[{"href":"https:\/\/lapareechalons.fr\/nl\/wp-json\/wp\/v2\/media?parent=1563"}],"curies":[{"name":"wp","href":"https:\/\/api.w.org\/{rel}","templated":true}]}}

<p data-block-type="core">Voor <strong>wandelaars </strong>(op de GR8) of <strong>fietstoeristen </strong>op doorreis op de Vélodyssée of Eurovélo1 is er een standplaats met picknicktafel, parasol, waslijn en stopcontacten voor apparatuur of ondersteunde fietsen. Deze gedeelde kampeerplaats is geschikt voor maximaal 6 personen.</p>

<p data-block-type="core">Het label <strong>&#8220;Accueil Vélo </strong>&#8221; betekent dat je kaart- en weersinformatie kunt geven. Je krijgt fietsreparatiegereedschap te leen als je je 2-wieler moet repareren. Bovendien is er een <strong>fietsenmaker</strong> in het centrum van de stad, op 1,5 km van de camping, voor het geval je met grote pech komt te staan&#8230;</p>

<p data-block-type="core"></p>

Locatie Accueil Vélo en Vendée | La Parée Chalons

Op camping La Parée Chalons kun je tegen aantrekkelijke tarieven staanplaatsen huren aan de kust in de Vendée.
