{"id":1552,"date":"2024-03-22T09:02:30","date_gmt":"2024-03-22T08:02:30","guid":{"rendered":"https:\/\/lapareechalons.fr\/emplacement\/bicycle-touring-pitches\/"},"modified":"2026-01-14T11:32:43","modified_gmt":"2026-01-14T10:32:43","slug":"bicycle-touring-pitches","status":"publish","type":"emplacement","link":"https:\/\/lapareechalons.fr\/en\/emplacement\/bicycle-touring-pitches\/","title":{"rendered":"Bicycle touring pitches"},"content":{"rendered":"\n<p data-block-type=\"core\">A site for <strong>hikers <\/strong>(on the GR8) or <strong>cyclotourists <\/strong>passing through on the V\u00e9lodyss\u00e9e or Eurov\u00e9lo1 is available with a picnic table, parasol, clothes line and electrical outlets for equipment or assisted bikes. This shared pitch can accommodate up to 6 people.<\/p>\n\n<p data-block-type=\"core\">Being &#8221; <strong>Accueil V\u00e9lo <\/strong>&#8221; accredited means being able to provide map and weather information. Bicycle repair tools are available on loan if you need to repair your 2-wheeler. What&#8217;s more, there&#8217;s a <strong>bike repair shop<\/strong> in the center of town, 1.5km from the campsite, in case of a major breakdown&#8230;<\/p>\n\n<p data-block-type=\"core\"><\/p>\n","protected":false},"featured_media":568,"template":"","meta":{"_acf_changed":false,"_seopress_robots_primary_cat":"","_seopress_titles_title":"Location Accueil V\u00e9lo in Vend\u00e9e | La Par\u00e9e Chalons","_seopress_titles_desc":"At the La Par\u00e9e Chalons campsite, we offer you the possibility of renting pitches at attractive rates & by the sea in the Vend\u00e9e.","_seopress_robots_index":"","_vp_format_video_url":"","_vp_image_focal_point":[]},"class_list":["post-1552","emplacement","type-emplacement","status-publish","has-post-thumbnail","hentry"],"acf":[],"_links":{"self":[{"href":"https:\/\/lapareechalons.fr\/en\/wp-json\/wp\/v2\/emplacement\/1552","targetHints":{"allow":["GET"]}}],"collection":[{"href":"https:\/\/lapareechalons.fr\/en\/wp-json\/wp\/v2\/emplacement"}],"about":[{"href":"https:\/\/lapareechalons.fr\/en\/wp-json\/wp\/v2\/types\/emplacement"}],"wp:featuredmedia":[{"embeddable":true,"href":"https:\/\/lapareechalons.fr\/en\/wp-json\/wp\/v2\/media\/568"}],"wp:attachment":[{"href":"https:\/\/lapareechalons.fr\/en\/wp-json\/wp\/v2\/media?parent=1552"}],"curies":[{"name":"wp","href":"https:\/\/api.w.org\/{rel}","templated":true}]}}

<p data-block-type="core">A site for <strong>hikers </strong>(on the GR8) or <strong>cyclotourists </strong>passing through on the Vélodyssée or Eurovélo1 is available with a picnic table, parasol, clothes line and electrical outlets for equipment or assisted bikes. This shared pitch can accommodate up to 6 people.</p>

<p data-block-type="core">Being &#8221; <strong>Accueil Vélo </strong>&#8221; accredited means being able to provide map and weather information. Bicycle repair tools are available on loan if you need to repair your 2-wheeler. What&#8217;s more, there&#8217;s a <strong>bike repair shop</strong> in the center of town, 1.5km from the campsite, in case of a major breakdown&#8230;</p>

<p data-block-type="core"></p>

Location Accueil Vélo in Vendée | La Parée Chalons

At the La Parée Chalons campsite, we offer you the possibility of renting pitches at attractive rates & by the sea in the Vendée.
