{"id":1428,"date":"2024-03-19T13:11:41","date_gmt":"2024-03-19T13:11:41","guid":{"rendered":"https:\/\/lapareechalons.fr\/sitemap\/"},"modified":"2026-01-14T11:27:58","modified_gmt":"2026-01-14T10:27:58","slug":"sitemap","status":"publish","type":"page","link":"https:\/\/lapareechalons.fr\/de\/sitemap\/","title":{"rendered":"Sitemap"},"content":{"rendered":"<div class=\"wp-block-wpseopress-sitemap\"><div class=\"wrap-html-sitemap sp-html-sitemap\"><div class=\"sp-wrap-cpt\"><h2 class=\"sp-cpt-name\">Seiten<\/h2><ul class=\"sp-list-posts sp-cpt-hierarchical\"><li class=\"page_item page-item-1919\"><a href=\"https:\/\/lapareechalons.fr\/de\/datenschutzerklaerung-eu\/\">Datenschutzerkl\u00e4rung (EU)<\/a><\/li><li class=\"page_item page-item-1911\"><a href=\"https:\/\/lapareechalons.fr\/de\/cookie-richtlinie-eu\/\">Cookie-Richtlinie (EU)<\/a><\/li><li class=\"page_item page-item-1356\"><a href=\"https:\/\/lapareechalons.fr\/de\/faq\/\">FAQ<\/a><\/li><li class=\"page_item page-item-1305\"><a href=\"https:\/\/lapareechalons.fr\/de\/unsere-unterkuenfte\/\">Unsere Unterk\u00fcnfte<\/a><\/li><li class=\"page_item page-item-1355\"><a href=\"https:\/\/lapareechalons.fr\/de\/seite-der-natur\/\">Seite der Natur<\/a><\/li><li class=\"page_item page-item-1265\"><a href=\"https:\/\/lapareechalons.fr\/de\/freizeit-und-aktivitaeten-in-der-vendee\/\">Freizeit und Aktivit\u00e4ten in der Vend\u00e9e<\/a><\/li><li class=\"page_item page-item-1439\"><a href=\"https:\/\/lapareechalons.fr\/de\/staedte-inseln-in-der-vendee\/\">St\u00e4dte &amp; Inseln in der Vend\u00e9e<\/a><\/li><li class=\"page_item page-item-1315\"><a href=\"https:\/\/lapareechalons.fr\/de\/die-kundenmeinungen\/\">Die Kundenmeinungen<\/a><\/li><li class=\"page_item page-item-1227\"><a href=\"https:\/\/lapareechalons.fr\/de\/die-dienstleistungen-unseres-campingplatzes-im-pays-de-monts\/\">Die Dienstleistungen unseres Campingplatzes im Pays de Monts<\/a><\/li><li class=\"page_item page-item-1308\"><a href=\"https:\/\/lapareechalons.fr\/de\/rechtliche-hinweise\/\">Rechtliche Hinweise<\/a><\/li><li class=\"page_item page-item-1428\"><a href=\"https:\/\/lapareechalons.fr\/de\/sitemap\/\">Sitemap<\/a><\/li><li class=\"page_item page-item-1319\"><a href=\"https:\/\/lapareechalons.fr\/de\/downloads\/\">Downloads<\/a><\/li><li class=\"page_item page-item-1222\"><a href=\"https:\/\/lapareechalons.fr\/de\/fotogalerie\/\">Fotogalerie<\/a><\/li><li class=\"page_item page-item-1286\"><a href=\"https:\/\/lapareechalons.fr\/de\/zugang-kontakt\/\">Zugang &amp; Kontakt<\/a><\/li><\/ul><\/div><div class=\"sp-wrap-cpt\"><h2 class=\"sp-cpt-name\">Standorte<\/h2><ul class=\"sp-list-posts\"><li><a href=\"https:\/\/lapareechalons.fr\/de\/emplacement\/stellplaetze-fuer-radwanderer\/\">Stellpl\u00e4tze f\u00fcr Radwanderer<\/a><\/li><li><a href=\"https:\/\/lapareechalons.fr\/de\/emplacement\/klassischer-standort\/\">Klassischer Standort<\/a><\/li><\/ul><\/div><div class=\"sp-wrap-cpt\"><h2 class=\"sp-cpt-name\">Unterk\u00fcnfte<\/h2><ul class=\"sp-list-posts\"><li><a href=\"https:\/\/lapareechalons.fr\/de\/hebergement\/mobilheim-modulo\/\">Mobilheim Modulo<\/a><\/li><\/ul><\/div><\/div><\/div>","protected":false},"excerpt":{"rendered":"","protected":false},"author":1,"featured_media":1234,"parent":0,"menu_order":0,"comment_status":"closed","ping_status":"closed","template":"","meta":{"_acf_changed":false,"_seopress_robots_primary_cat":"","_seopress_titles_title":"Sitemap | Campingplatz im Herzen des Waldes von Pays de Monts","_seopress_titles_desc":"Plan der Internetseite des Campingplatzes La Par\u00e9e Chalons. Campingplatz mit den F\u00fc\u00dfen im Wasser in der N\u00e4he von Saint Jean de Monts in der Vend\u00e9e.  ","_seopress_robots_index":"","_vp_format_video_url":"","_vp_image_focal_point":[],"footnotes":""},"class_list":["post-1428","page","type-page","status-publish","has-post-thumbnail","hentry"],"acf":[],"_links":{"self":[{"href":"https:\/\/lapareechalons.fr\/de\/wp-json\/wp\/v2\/pages\/1428","targetHints":{"allow":["GET"]}}],"collection":[{"href":"https:\/\/lapareechalons.fr\/de\/wp-json\/wp\/v2\/pages"}],"about":[{"href":"https:\/\/lapareechalons.fr\/de\/wp-json\/wp\/v2\/types\/page"}],"author":[{"embeddable":true,"href":"https:\/\/lapareechalons.fr\/de\/wp-json\/wp\/v2\/users\/1"}],"replies":[{"embeddable":true,"href":"https:\/\/lapareechalons.fr\/de\/wp-json\/wp\/v2\/comments?post=1428"}],"version-history":[{"count":1,"href":"https:\/\/lapareechalons.fr\/de\/wp-json\/wp\/v2\/pages\/1428\/revisions"}],"predecessor-version":[{"id":1436,"href":"https:\/\/lapareechalons.fr\/de\/wp-json\/wp\/v2\/pages\/1428\/revisions\/1436"}],"wp:featuredmedia":[{"embeddable":true,"href":"https:\/\/lapareechalons.fr\/de\/wp-json\/wp\/v2\/media\/1234"}],"wp:attachment":[{"href":"https:\/\/lapareechalons.fr\/de\/wp-json\/wp\/v2\/media?parent=1428"}],"curies":[{"name":"wp","href":"https:\/\/api.w.org\/{rel}","templated":true}]}}

<div class="wp-block-wpseopress-sitemap"><div class="wrap-html-sitemap sp-html-sitemap"><div class="sp-wrap-cpt"><h2 class="sp-cpt-name">Seiten</h2><ul class="sp-list-posts sp-cpt-hierarchical"><li class="page_item page-item-1919"><a href="https://lapareechalons.fr/de/datenschutzerklaerung-eu/">Datenschutzerklärung (EU)</a></li><li class="page_item page-item-1911"><a href="https://lapareechalons.fr/de/cookie-richtlinie-eu/">Cookie-Richtlinie (EU)</a></li><li class="page_item page-item-1356"><a href="https://lapareechalons.fr/de/faq/">FAQ</a></li><li class="page_item page-item-1305"><a href="https://lapareechalons.fr/de/unsere-unterkuenfte/">Unsere Unterkünfte</a></li><li class="page_item page-item-1355"><a href="https://lapareechalons.fr/de/seite-der-natur/">Seite der Natur</a></li><li class="page_item page-item-1265"><a href="https://lapareechalons.fr/de/freizeit-und-aktivitaeten-in-der-vendee/">Freizeit und Aktivitäten in der Vendée</a></li><li class="page_item page-item-1439"><a href="https://lapareechalons.fr/de/staedte-inseln-in-der-vendee/">Städte &amp; Inseln in der Vendée</a></li><li class="page_item page-item-1315"><a href="https://lapareechalons.fr/de/die-kundenmeinungen/">Die Kundenmeinungen</a></li><li class="page_item page-item-1227"><a href="https://lapareechalons.fr/de/die-dienstleistungen-unseres-campingplatzes-im-pays-de-monts/">Die Dienstleistungen unseres Campingplatzes im Pays de Monts</a></li><li class="page_item page-item-1308"><a href="https://lapareechalons.fr/de/rechtliche-hinweise/">Rechtliche Hinweise</a></li><li class="page_item page-item-1428"><a href="https://lapareechalons.fr/de/sitemap/">Sitemap</a></li><li class="page_item page-item-1319"><a href="https://lapareechalons.fr/de/downloads/">Downloads</a></li><li class="page_item page-item-1222"><a href="https://lapareechalons.fr/de/fotogalerie/">Fotogalerie</a></li><li class="page_item page-item-1286"><a href="https://lapareechalons.fr/de/zugang-kontakt/">Zugang &amp; Kontakt</a></li></ul></div><div class="sp-wrap-cpt"><h2 class="sp-cpt-name">Standorte</h2><ul class="sp-list-posts"><li><a href="https://lapareechalons.fr/de/emplacement/stellplaetze-fuer-radwanderer/">Stellplätze für Radwanderer</a></li><li><a href="https://lapareechalons.fr/de/emplacement/klassischer-standort/">Klassischer Standort</a></li></ul></div><div class="sp-wrap-cpt"><h2 class="sp-cpt-name">Unterkünfte</h2><ul class="sp-list-posts"><li><a href="https://lapareechalons.fr/de/hebergement/mobilheim-modulo/">Mobilheim Modulo</a></li></ul></div></div></div>

Plan der Internetseite des Campingplatzes La Parée Chalons. Campingplatz mit den Füßen im Wasser in der Nähe von Saint Jean de Monts in der Vendée.
