{"id":1308,"date":"2024-03-19T13:15:42","date_gmt":"2024-03-19T12:15:42","guid":{"rendered":"https:\/\/lapareechalons.fr\/rechtliche-hinweise\/"},"modified":"2026-02-19T10:34:39","modified_gmt":"2026-02-19T09:34:39","slug":"rechtliche-hinweise","status":"publish","type":"page","link":"https:\/\/lapareechalons.fr\/de\/rechtliche-hinweise\/","title":{"rendered":"Rechtliche Hinweise"},"content":{"rendered":"\n<div class=\"wp-block-stackable-columns stk-block-columns stk-block stk-950ab30\" data-block-id=\"950ab30\"><div class=\"stk-row stk-inner-blocks stk-block-content stk-content-align stk-950ab30-column\">\n<div class=\"wp-block-stackable-column stk-block-column stk-column stk-block stk-4b563fa\" data-v=\"4\" data-block-id=\"4b563fa\"><div class=\"stk-column-wrapper stk-block-column__content stk-container stk-4b563fa-container stk--no-background stk--no-padding\"><div class=\"stk-block-content stk-inner-blocks stk-4b563fa-inner-blocks\">\n<h2 class=\"wp-block-heading\" data-block-type=\"core\">Wer sind wir?<\/h2>\n\n\n\n<p data-block-type=\"core\"><strong>Herausgeber<\/strong><br\/>Camping La Par\u00e9e Chalons<\/p>\n\n\n\n<p data-block-type=\"core\"><br\/>Siret: 53153313100011<br\/>Hauptsitz: 74 RUE DE LA BRAIE 85690 NOTRE DAME DE MONTS<br\/>Telefonnummer: 02 51 58 61 19<br\/>E-mail: <a href=\"mailto:contact@lapareechalons.fr\">contact@lapareechalons.fr<\/a><br\/><br\/><strong>Herausgeber<\/strong><br\/>Nicolas &amp; Fran\u00e7oise FRONT<\/p>\n<\/div><\/div><\/div>\n\n\n\n<div class=\"wp-block-stackable-column stk-block-column stk-column stk-block stk-f899b79\" data-v=\"4\" data-block-id=\"f899b79\"><div class=\"stk-column-wrapper stk-block-column__content stk-container stk-f899b79-container stk--no-background stk--no-padding\"><div class=\"stk-block-content stk-inner-blocks stk-f899b79-inner-blocks\">\n<p data-block-type=\"core\"><strong>Technische und grafische Realisierung:<\/strong><br\/>SEV \/ Ouest-Communication.com<br\/>123 Bd Louis Blanc, Hall 2<br\/>85000 La Roche sur Yon<br\/>Tel. Tel.: 02 51 20 30 40<br\/>E-mail: <a href=\"mailto:info@ouest-communication.com\" target=\"_blank\" rel=\"noreferrer noopener\">info@ouest-communication.com<\/a><br\/>Website: https: <a href=\"https:\/\/www.ouest-communication.com\/\" target=\"_blank\" rel=\"noreferrer noopener\">\/\/www.ouest-communication.com\/<\/a><\/p>\n\n\n\n<p data-block-type=\"core\"><strong>Hosting der Website:<\/strong><br\/>O2Switch<br\/>CHE DES PARDIAUX <br\/>63000 CLERMONT-FERRAND.<\/p>\n<\/div><\/div><\/div>\n<\/div><\/div>\n\n<p data-block-type=\"core\"><br\/><strong>Verwendung der gesammelten pers\u00f6nlichen Daten<br\/><\/strong>Ihre pers\u00f6nlichen Daten werden nur im Rahmen der Gesch\u00e4ftsbeziehung zwischen Ihnen und dem Herausgeber &#8222;Camping La Par\u00e9e Chalons&#8220; verwendet. Sofern Sie nicht ausdr\u00fccklich zugestimmt haben, werden Ihre Daten nicht an Dritte weitergegeben.<\/p>\n\n<p data-block-type=\"core\">Kontaktformulare<br\/>Die \u00fcber die Formulare gesammelten Informationen werden in einer EDV-Datei gespeichert, um Informationen anzufordern und die daraus resultierende Gesch\u00e4ftsbeziehung zu pflegen. Sie k\u00f6nnen ein Recht auf Zugang zu Ihren pers\u00f6nlichen Daten aus\u00fcben, indem Sie das daf\u00fcr vorgesehene Formular verwenden.<\/p>\n\n<p data-block-type=\"core\">Cookies<br\/>Wenn Sie einen Kommentar auf unserer Website abgeben, wird Ihnen angeboten, Ihren Namen, Ihre E-Mail-Adresse und Ihre Website in Cookies zu speichern. Dies dient lediglich Ihrer Bequemlichkeit, damit Sie diese Informationen nicht eingeben m\u00fcssen, wenn Sie sp\u00e4ter einen weiteren Kommentar abgeben. Diese Cookies laufen nach einem Jahr ab.<\/p>\n\n<p data-block-type=\"core\">Wenn Sie ein Konto haben und sich auf dieser Website anmelden, wird ein tempor\u00e4res Cookie erstellt, um festzustellen, ob Ihr Browser Cookies akzeptiert. Sie enth\u00e4lt keine pers\u00f6nlichen Daten und wird automatisch gel\u00f6scht, wenn Sie Ihren Browser schlie\u00dfen.<\/p>\n\n<p data-block-type=\"core\">Zu statistischen Zwecken verwendet diese Website Cookies, deren Zweck es ist, Informationen \u00fcber die von Ihnen besuchten Seiten zu sammeln. Sie speichern insbesondere anonyme Informationen, vor allem \u00fcber Ihre geografische Position, Ihren Browser usw.<\/p>\n\n<p data-block-type=\"core\">Medien<br\/>Wenn Sie ein registrierter Nutzer sind und Bilder auf die Website hochladen, empfehlen wir Ihnen, keine Bilder hochzuladen, die EXIF-Daten von GPS-Koordinaten enthalten. Die Besucher Ihrer Website k\u00f6nnen Standortdaten aus diesen Bildern herunterladen und extrahieren.<\/p>\n\n<p data-block-type=\"core\">Eingebettete Inhalte von anderen Websites<br\/>Die Artikel auf dieser Website k\u00f6nnen eingebettete Inhalte enthalten (z.B. Videos, Bilder, Artikel&#8230;). Inhalte, die von anderen Websites eingebunden werden, verhalten sich genauso, als w\u00fcrde der Besucher diese andere Website besuchen.<\/p>\n\n<p data-block-type=\"core\">Diese Websites k\u00f6nnten Daten \u00fcber Sie sammeln, Cookies verwenden, Tracking-Tools von Drittanbietern einbetten und Ihre Interaktionen mit diesen eingebetteten Inhalten verfolgen, wenn Sie ein angemeldetes Konto auf ihrer Website haben.<\/p>\n\n<p data-block-type=\"core\"><strong>Speicherdauer Ihrer Daten<br\/><\/strong>Wenn Sie einen Kommentar hinterlassen, werden der Kommentar und seine Metadaten auf unbestimmte Zeit gespeichert. Dadurch werden nachfolgende Kommentare automatisch erkannt und genehmigt, anstatt sie in der Moderationswarteschlange zu belassen.<\/p>\n\n<p data-block-type=\"core\">F\u00fcr Nutzerinnen und Nutzer, die sich auf unserer Seite registrieren (sofern dies m\u00f6glich ist), speichern wir auch die in ihrem Profil angegebenen pers\u00f6nlichen Daten. Alle Nutzerinnen und Nutzer k\u00f6nnen ihre pers\u00f6nlichen Informationen (mit Ausnahme ihres Benutzernamens) jederzeit einsehen, \u00e4ndern oder l\u00f6schen. Auch die Verwalter der Website k\u00f6nnen diese Informationen einsehen und \u00e4ndern.<\/p>\n\n<p data-block-type=\"core\"><strong>Ihre Rechte in Bezug auf Ihre Daten<br\/><\/strong>Wenn Sie ein Konto haben oder Kommentare auf der Website hinterlassen haben, k\u00f6nnen Sie eine Datei anfordern, die alle pers\u00f6nlichen Daten enth\u00e4lt, die wir \u00fcber Sie gespeichert haben, einschlie\u00dflich der Daten, die Sie uns zur Verf\u00fcgung gestellt haben. Sie k\u00f6nnen auch die L\u00f6schung Ihrer personenbezogenen Daten verlangen. Dies gilt nicht f\u00fcr Daten, die f\u00fcr administrative, rechtliche oder Sicherheitszwecke gespeichert werden.<\/p>\n\n<p data-block-type=\"core\">Die von uns erfassten pers\u00f6nlichen Daten dienen dazu, Ihre Buchungen besser beantworten und bearbeiten zu k\u00f6nnen. Sie haben jederzeit das Recht, auf Ihre pers\u00f6nlichen Daten zuzugreifen , sie zu \u00e4ndern und zu l\u00f6schen, wenn Sie dies beantragen.<\/p>\n\n<p data-block-type=\"core\">Inanspruchnahme <strong>einer Mediation<br\/><\/strong>Gem\u00e4\u00df Artikel L. 152-1 des Verbraucherschutzgesetzes k\u00f6nnen Sie sich kostenlos an den Mediationsdienst CM2C wenden, zu dem wir geh\u00f6ren, und zwar auf elektronischem Wege: https:\/\/www.cm2c.net\/<br\/>oder auf dem Postweg: CM2C &#8211; 14 rue Saint Jean &#8211; 75017 PARIS.<\/p>\n\n<p data-block-type=\"core\"><strong>Bildnachweise<\/strong><br\/><a href=\"https:\/\/www.photo-vendee.com\" target=\"_blank\" rel=\"noreferrer noopener\">https:\/\/www.photo-vendee.com<\/a> Roland Sylvain OZIEL Alle Rechte vorbehalten<br\/>.<br\/>\u00a9A. Lamoureux\/Vend\u00e9e Expansion &#8211; Rechte vorbehalten &#8211; www.vendee-tourisme.com \/ jegliche Vervielf\u00e4ltigung oder Ver\u00f6ffentlichung verboten<br\/>\u00a9simonbourcier.com<br\/>\u00a9 OT Pays de Monts<br\/>\u00a9 Camping la Par\u00e9e Chalons<\/p>\n\n<div class=\"wp-block-columns is-layout-flex wp-container-core-columns-is-layout-28f84493 wp-block-columns-is-layout-flex\" data-block-type=\"core\">\n<div class=\"wp-block-column is-layout-flow wp-block-column-is-layout-flow\" style=\"flex-basis:33.34%\" data-block-type=\"core\">\n<figure class=\"wp-block-image size-full\" data-block-type=\"core\"><a href=\"https:\/\/www.vendeecamping.com\/\" target=\"_blank\" rel=\" noreferrer noopener\"><img loading=\"lazy\" decoding=\"async\" width=\"128\" height=\"128\" src=\"https:\/\/lapareechalons.fr\/wp-content\/uploads\/2025\/02\/Vendee-Camping-128px.png\" alt=\"Campingpl&#xE4;tze Vend&#xE9;e\" class=\"wp-image-1823\"\/><\/a><\/figure>\n<\/div>\n\n\n\n<div class=\"wp-block-column is-layout-flow wp-block-column-is-layout-flow\" style=\"flex-basis:33.34%\" data-block-type=\"core\">\n<figure class=\"wp-block-image size-full\" data-block-type=\"core\"><a href=\"https:\/\/vacances-en-vendee.com\/\" target=\"_blank\" rel=\" noreferrer noopener\"><img loading=\"lazy\" decoding=\"async\" width=\"128\" height=\"128\" src=\"https:\/\/lapareechalons.fr\/wp-content\/uploads\/2025\/02\/Logo-Vacances-en-Vendee-128px.png\" alt=\"Urlaub Vend&#xE9;e\" class=\"wp-image-1827\"\/><\/a><\/figure>\n<\/div>\n\n\n\n<div class=\"wp-block-column is-layout-flow wp-block-column-is-layout-flow\" style=\"flex-basis:33.33%\" data-block-type=\"core\">\n<figure class=\"wp-block-image size-full\" data-block-type=\"core\"><a href=\"https:\/\/campingsaintjeandemonts.com\/\" target=\"_blank\" rel=\" noreferrer noopener\"><img loading=\"lazy\" decoding=\"async\" width=\"128\" height=\"128\" src=\"https:\/\/lapareechalons.fr\/wp-content\/uploads\/2025\/02\/Logo-Campings-Saint-Jean-de-Monts-128px.png\" alt=\"Urlaub Saint Jean de Monts\" class=\"wp-image-1831\"\/><\/a><\/figure>\n<\/div>\n<\/div>\n\n<p data-block-type=\"core\"><\/p>\n","protected":false},"excerpt":{"rendered":"<p>Wer sind wir? HerausgeberCamping La Par\u00e9e Chalons Siret: 53153313100011Hauptsitz: 74 RUE DE LA BRAIE 85690 NOTRE DAME DE MONTSTelefonnummer: 02 51 58 61 19E-mail: contact@lapareechalons.fr HerausgeberNicolas &amp; Fran\u00e7oise FRONT Technische und grafische Realisierung:SEV \/ Ouest-Communication.com123 Bd Louis Blanc, Hall 285000 La Roche sur YonTel. Tel.: 02 51 20 30 40E-mail: info@ouest-communication.comWebsite: https: \/\/www.ouest-communication.com\/ Hosting der [&hellip;]<\/p>\n","protected":false},"author":1,"featured_media":1314,"parent":0,"menu_order":0,"comment_status":"closed","ping_status":"closed","template":"","meta":{"_acf_changed":false,"_seopress_robots_primary_cat":"","_seopress_titles_title":"Rechtliche Hinweise | Camping La Par\u00e9e Chalons Pays de Monts","_seopress_titles_desc":"Der Campingplatz La Par\u00e9e Chalons liegt 450 m von den Str\u00e4nden entfernt, im Herzen des Pays de Monts und nur wenige Meter vom Wald von Monts entfernt.","_seopress_robots_index":"","_vp_format_video_url":"","_vp_image_focal_point":[],"footnotes":""},"class_list":["post-1308","page","type-page","status-publish","has-post-thumbnail","hentry"],"acf":[],"_links":{"self":[{"href":"https:\/\/lapareechalons.fr\/de\/wp-json\/wp\/v2\/pages\/1308","targetHints":{"allow":["GET"]}}],"collection":[{"href":"https:\/\/lapareechalons.fr\/de\/wp-json\/wp\/v2\/pages"}],"about":[{"href":"https:\/\/lapareechalons.fr\/de\/wp-json\/wp\/v2\/types\/page"}],"author":[{"embeddable":true,"href":"https:\/\/lapareechalons.fr\/de\/wp-json\/wp\/v2\/users\/1"}],"replies":[{"embeddable":true,"href":"https:\/\/lapareechalons.fr\/de\/wp-json\/wp\/v2\/comments?post=1308"}],"version-history":[{"count":3,"href":"https:\/\/lapareechalons.fr\/de\/wp-json\/wp\/v2\/pages\/1308\/revisions"}],"predecessor-version":[{"id":2014,"href":"https:\/\/lapareechalons.fr\/de\/wp-json\/wp\/v2\/pages\/1308\/revisions\/2014"}],"wp:featuredmedia":[{"embeddable":true,"href":"https:\/\/lapareechalons.fr\/de\/wp-json\/wp\/v2\/media\/1314"}],"wp:attachment":[{"href":"https:\/\/lapareechalons.fr\/de\/wp-json\/wp\/v2\/media?parent=1308"}],"curies":[{"name":"wp","href":"https:\/\/api.w.org\/{rel}","templated":true}]}}

<div class="wp-block-stackable-columns stk-block-columns stk-block stk-950ab30" data-block-id="950ab30"><div class="stk-row stk-inner-blocks stk-block-content stk-content-align stk-950ab30-column">
<div class="wp-block-stackable-column stk-block-column stk-column stk-block stk-4b563fa" data-v="4" data-block-id="4b563fa"><div class="stk-column-wrapper stk-block-column__content stk-container stk-4b563fa-container stk--no-background stk--no-padding"><div class="stk-block-content stk-inner-blocks stk-4b563fa-inner-blocks">
<h2 class="wp-block-heading" data-block-type="core">Wer sind wir?</h2>



<p data-block-type="core"><strong>Herausgeber</strong><br/>Camping La Parée Chalons</p>



<p data-block-type="core"><br/>Siret: 53153313100011<br/>Hauptsitz: 74 RUE DE LA BRAIE 85690 NOTRE DAME DE MONTS<br/>Telefonnummer: 02 51 58 61 19<br/>E-mail: <a href="mailto:contact@lapareechalons.fr">contact@lapareechalons.fr</a><br/><br/><strong>Herausgeber</strong><br/>Nicolas &amp; Françoise FRONT</p>
</div></div></div>



<div class="wp-block-stackable-column stk-block-column stk-column stk-block stk-f899b79" data-v="4" data-block-id="f899b79"><div class="stk-column-wrapper stk-block-column__content stk-container stk-f899b79-container stk--no-background stk--no-padding"><div class="stk-block-content stk-inner-blocks stk-f899b79-inner-blocks">
<p data-block-type="core"><strong>Technische und grafische Realisierung:</strong><br/>SEV / Ouest-Communication.com<br/>123 Bd Louis Blanc, Hall 2<br/>85000 La Roche sur Yon<br/>Tel. Tel.: 02 51 20 30 40<br/>E-mail: <a href="mailto:info@ouest-communication.com" target="_blank" rel="noreferrer noopener">info@ouest-communication.com</a><br/>Website: https: <a href="https://www.ouest-communication.com/" target="_blank" rel="noreferrer noopener">//www.ouest-communication.com/</a></p>



<p data-block-type="core"><strong>Hosting der Website:</strong><br/>O2Switch<br/>CHE DES PARDIAUX <br/>63000 CLERMONT-FERRAND.</p>
</div></div></div>
</div></div>

<p data-block-type="core"><br/><strong>Verwendung der gesammelten persönlichen Daten<br/></strong>Ihre persönlichen Daten werden nur im Rahmen der Geschäftsbeziehung zwischen Ihnen und dem Herausgeber &#8222;Camping La Parée Chalons&#8220; verwendet. Sofern Sie nicht ausdrücklich zugestimmt haben, werden Ihre Daten nicht an Dritte weitergegeben.</p>

<p data-block-type="core">Kontaktformulare<br/>Die über die Formulare gesammelten Informationen werden in einer EDV-Datei gespeichert, um Informationen anzufordern und die daraus resultierende Geschäftsbeziehung zu pflegen. Sie können ein Recht auf Zugang zu Ihren persönlichen Daten ausüben, indem Sie das dafür vorgesehene Formular verwenden.</p>

<p data-block-type="core">Cookies<br/>Wenn Sie einen Kommentar auf unserer Website abgeben, wird Ihnen angeboten, Ihren Namen, Ihre E-Mail-Adresse und Ihre Website in Cookies zu speichern. Dies dient lediglich Ihrer Bequemlichkeit, damit Sie diese Informationen nicht eingeben müssen, wenn Sie später einen weiteren Kommentar abgeben. Diese Cookies laufen nach einem Jahr ab.</p>

<p data-block-type="core">Wenn Sie ein Konto haben und sich auf dieser Website anmelden, wird ein temporäres Cookie erstellt, um festzustellen, ob Ihr Browser Cookies akzeptiert. Sie enthält keine persönlichen Daten und wird automatisch gelöscht, wenn Sie Ihren Browser schließen.</p>

<p data-block-type="core">Zu statistischen Zwecken verwendet diese Website Cookies, deren Zweck es ist, Informationen über die von Ihnen besuchten Seiten zu sammeln. Sie speichern insbesondere anonyme Informationen, vor allem über Ihre geografische Position, Ihren Browser usw.</p>

<p data-block-type="core">Medien<br/>Wenn Sie ein registrierter Nutzer sind und Bilder auf die Website hochladen, empfehlen wir Ihnen, keine Bilder hochzuladen, die EXIF-Daten von GPS-Koordinaten enthalten. Die Besucher Ihrer Website können Standortdaten aus diesen Bildern herunterladen und extrahieren.</p>

<p data-block-type="core">Eingebettete Inhalte von anderen Websites<br/>Die Artikel auf dieser Website können eingebettete Inhalte enthalten (z.B. Videos, Bilder, Artikel&#8230;). Inhalte, die von anderen Websites eingebunden werden, verhalten sich genauso, als würde der Besucher diese andere Website besuchen.</p>

<p data-block-type="core">Diese Websites könnten Daten über Sie sammeln, Cookies verwenden, Tracking-Tools von Drittanbietern einbetten und Ihre Interaktionen mit diesen eingebetteten Inhalten verfolgen, wenn Sie ein angemeldetes Konto auf ihrer Website haben.</p>

<p data-block-type="core"><strong>Speicherdauer Ihrer Daten<br/></strong>Wenn Sie einen Kommentar hinterlassen, werden der Kommentar und seine Metadaten auf unbestimmte Zeit gespeichert. Dadurch werden nachfolgende Kommentare automatisch erkannt und genehmigt, anstatt sie in der Moderationswarteschlange zu belassen.</p>

<p data-block-type="core">Für Nutzerinnen und Nutzer, die sich auf unserer Seite registrieren (sofern dies möglich ist), speichern wir auch die in ihrem Profil angegebenen persönlichen Daten. Alle Nutzerinnen und Nutzer können ihre persönlichen Informationen (mit Ausnahme ihres Benutzernamens) jederzeit einsehen, ändern oder löschen. Auch die Verwalter der Website können diese Informationen einsehen und ändern.</p>

<p data-block-type="core"><strong>Ihre Rechte in Bezug auf Ihre Daten<br/></strong>Wenn Sie ein Konto haben oder Kommentare auf der Website hinterlassen haben, können Sie eine Datei anfordern, die alle persönlichen Daten enthält, die wir über Sie gespeichert haben, einschließlich der Daten, die Sie uns zur Verfügung gestellt haben. Sie können auch die Löschung Ihrer personenbezogenen Daten verlangen. Dies gilt nicht für Daten, die für administrative, rechtliche oder Sicherheitszwecke gespeichert werden.</p>

<p data-block-type="core">Die von uns erfassten persönlichen Daten dienen dazu, Ihre Buchungen besser beantworten und bearbeiten zu können. Sie haben jederzeit das Recht, auf Ihre persönlichen Daten zuzugreifen , sie zu ändern und zu löschen, wenn Sie dies beantragen.</p>

<p data-block-type="core">Inanspruchnahme <strong>einer Mediation<br/></strong>Gemäß Artikel L. 152-1 des Verbraucherschutzgesetzes können Sie sich kostenlos an den Mediationsdienst CM2C wenden, zu dem wir gehören, und zwar auf elektronischem Wege: https://www.cm2c.net/<br/>oder auf dem Postweg: CM2C &#8211; 14 rue Saint Jean &#8211; 75017 PARIS.</p>

<p data-block-type="core"><strong>Bildnachweise</strong><br/><a href="https://www.photo-vendee.com" target="_blank" rel="noreferrer noopener">https://www.photo-vendee.com</a> Roland Sylvain OZIEL Alle Rechte vorbehalten<br/>.<br/>©A. Lamoureux/Vendée Expansion &#8211; Rechte vorbehalten &#8211; www.vendee-tourisme.com / jegliche Vervielfältigung oder Veröffentlichung verboten<br/>©simonbourcier.com<br/>© OT Pays de Monts<br/>© Camping la Parée Chalons</p>

<div class="wp-block-columns is-layout-flex wp-container-core-columns-is-layout-28f84493 wp-block-columns-is-layout-flex" data-block-type="core">
<div class="wp-block-column is-layout-flow wp-block-column-is-layout-flow" style="flex-basis:33.34%" data-block-type="core">
<figure class="wp-block-image size-full" data-block-type="core"><a href="https://www.vendeecamping.com/" target="_blank" rel=" noreferrer noopener"><img loading="lazy" decoding="async" width="128" height="128" src="https://lapareechalons.fr/wp-content/uploads/2025/02/Vendee-Camping-128px.png" alt="Campingpl&#xE4;tze Vend&#xE9;e" class="wp-image-1823"/></a></figure>
</div>



<div class="wp-block-column is-layout-flow wp-block-column-is-layout-flow" style="flex-basis:33.34%" data-block-type="core">
<figure class="wp-block-image size-full" data-block-type="core"><a href="https://vacances-en-vendee.com/" target="_blank" rel=" noreferrer noopener"><img loading="lazy" decoding="async" width="128" height="128" src="https://lapareechalons.fr/wp-content/uploads/2025/02/Logo-Vacances-en-Vendee-128px.png" alt="Urlaub Vend&#xE9;e" class="wp-image-1827"/></a></figure>
</div>



<div class="wp-block-column is-layout-flow wp-block-column-is-layout-flow" style="flex-basis:33.33%" data-block-type="core">
<figure class="wp-block-image size-full" data-block-type="core"><a href="https://campingsaintjeandemonts.com/" target="_blank" rel=" noreferrer noopener"><img loading="lazy" decoding="async" width="128" height="128" src="https://lapareechalons.fr/wp-content/uploads/2025/02/Logo-Campings-Saint-Jean-de-Monts-128px.png" alt="Urlaub Saint Jean de Monts" class="wp-image-1831"/></a></figure>
</div>
</div>

<p data-block-type="core"></p>

<p>Wer sind wir? HerausgeberCamping La Parée Chalons Siret: 53153313100011Hauptsitz: 74 RUE DE LA BRAIE 85690 NOTRE DAME DE MONTSTelefonnummer: 02 51 58 61 19E-mail: contact@lapareechalons.fr HerausgeberNicolas &amp; Françoise FRONT Technische und grafische Realisierung:SEV / Ouest-Communication.com123 Bd Louis Blanc, Hall 285000 La Roche sur YonTel. Tel.: 02 51 20 30 40E-mail: info@ouest-communication.comWebsite: https: //www.ouest-communication.com/ Hosting der [&hellip;]</p>

Rechtliche Hinweise | Camping La Parée Chalons Pays de Monts

Der Campingplatz La Parée Chalons liegt 450 m von den Stränden entfernt, im Herzen des Pays de Monts und nur wenige Meter vom Wald von Monts entfernt.
