{"id":1560,"date":"2024-03-21T14:52:12","date_gmt":"2024-03-21T13:52:12","guid":{"rendered":"https:\/\/lapareechalons.fr\/emplacement\/klassischer-standort\/"},"modified":"2026-01-14T11:32:33","modified_gmt":"2026-01-14T10:32:33","slug":"klassischer-standort","status":"publish","type":"emplacement","link":"https:\/\/lapareechalons.fr\/de\/emplacement\/klassischer-standort\/","title":{"rendered":"Klassischer Standort"},"content":{"rendered":"\n<p data-block-type=\"core\">Ein <strong>traditioneller Campingplatz<\/strong> mit 49 Stellpl\u00e4tzen f\u00fcr Ihr Zelt, Ihren Wohnwagen oder Ihr Wohnmobil, mit einer Fl\u00e4che von 70 bis 130 m2, abgegrenzt durch Hecken mit Blick auf den Staatswald von Pays de Monts.<\/p>\n\n<p data-block-type=\"core\">Sonne, Schatten oder Halbschatten alles kann auf diesem baumbestandenen Grundst\u00fcck im Laufe Ihrer Reservierung per Telefon oder E-Mail m\u00f6glich sein.  <\/p>\n\n<p data-block-type=\"core\">Stellen Sie ein 20\/25 m langes Verl\u00e4ngerungskabel und eine europ\u00e4ische Steckdose bereit.  <\/p>\n\n<p data-block-type=\"core\"><strong>Bitte beachten Sie!<\/strong> <strong>An den Stroms\u00e4ulen des Campingplatzes k\u00f6nnen keine<\/strong> Hybrid- oder <strong>Elektrofahrzeuge aufgeladen<\/strong> werden. In der Gemeinde Notre Dame de Monts gibt es Ladestationen.<\/p>\n\n<p data-block-type=\"core\"><\/p>\n","protected":false},"featured_media":1234,"template":"","meta":{"_acf_changed":false,"_seopress_robots_primary_cat":"","_seopress_titles_title":"Vermietung ger\u00e4umiger Stellplatz | La Par\u00e9e Chalons Vend\u00e9e","_seopress_titles_desc":"Verweilen Sie auf einem unserer ger\u00e4umigen Stellpl\u00e4tze mit Zelt, Wohnmobil oder Wohnwagen. W\u00e4hlen Sie unseren kleinen Familien- & Naturcampingplatz.","_seopress_robots_index":"","_vp_format_video_url":"","_vp_image_focal_point":[]},"class_list":["post-1560","emplacement","type-emplacement","status-publish","has-post-thumbnail","hentry"],"acf":[],"_links":{"self":[{"href":"https:\/\/lapareechalons.fr\/de\/wp-json\/wp\/v2\/emplacement\/1560","targetHints":{"allow":["GET"]}}],"collection":[{"href":"https:\/\/lapareechalons.fr\/de\/wp-json\/wp\/v2\/emplacement"}],"about":[{"href":"https:\/\/lapareechalons.fr\/de\/wp-json\/wp\/v2\/types\/emplacement"}],"wp:featuredmedia":[{"embeddable":true,"href":"https:\/\/lapareechalons.fr\/de\/wp-json\/wp\/v2\/media\/1234"}],"wp:attachment":[{"href":"https:\/\/lapareechalons.fr\/de\/wp-json\/wp\/v2\/media?parent=1560"}],"curies":[{"name":"wp","href":"https:\/\/api.w.org\/{rel}","templated":true}]}}

<p data-block-type="core">Ein <strong>traditioneller Campingplatz</strong> mit 49 Stellplätzen für Ihr Zelt, Ihren Wohnwagen oder Ihr Wohnmobil, mit einer Fläche von 70 bis 130 m2, abgegrenzt durch Hecken mit Blick auf den Staatswald von Pays de Monts.</p>

<p data-block-type="core">Sonne, Schatten oder Halbschatten alles kann auf diesem baumbestandenen Grundstück im Laufe Ihrer Reservierung per Telefon oder E-Mail möglich sein.  </p>

<p data-block-type="core">Stellen Sie ein 20/25 m langes Verlängerungskabel und eine europäische Steckdose bereit.  </p>

<p data-block-type="core"><strong>Bitte beachten Sie!</strong> <strong>An den Stromsäulen des Campingplatzes können keine</strong> Hybrid- oder <strong>Elektrofahrzeuge aufgeladen</strong> werden. In der Gemeinde Notre Dame de Monts gibt es Ladestationen.</p>

<p data-block-type="core"></p>

Vermietung geräumiger Stellplatz | La Parée Chalons Vendée

Verweilen Sie auf einem unserer geräumigen Stellplätze mit Zelt, Wohnmobil oder Wohnwagen. Wählen Sie unseren kleinen Familien- & Naturcampingplatz.
